= -h + 48. List the prime factors of i.
3, 7
List the prime factors of 353/(-3*4/(-36)) - -2.
1061
List the prime factors of 240/(-75)*(-2 + (-393)/6).
2, 3
Suppose -5 - 15 = -2*t. Suppose 3*w = 2*w + t. Suppose -y + w = -15. What are the prime factors of y?
5
Suppose 0*i + 3*i - o - 4348 = 0, -5*o + 25 = 0. What are the prime factors of i?
1451
Suppose 0*t - 670 = -5*t. Let n(i) = -i**3 + 4*i + 5. Let k be n(-2). Suppose -p + y + 38 = 0, 0*p - 4*p = k*y - t. What are the prime factors of p?
2, 3
Let j(l) = -l**3 + 10*l**2 - 18*l + 10. Let q(z) = -2*z**3 + 11*z**2 - 17*z + 9. Let x(u) = 3*j(u) - 2*q(u). What are the prime factors of x(-10)?
2, 3
Let h = -155 - -60. Let y be 2/(-10) - 19/h. Suppose -2*f - 16 = 2*t - 80, -5*f + 2*t + 174 = y. What are the prime factors of f?
2, 17
Suppose 0*m + 4*i + 190 = 2*m, -5*m + 430 = -i. Let p = m + -60. What are the prime factors of p?
5
Let q(a) = 10*a**3 + a - 1. Let f be q(1). What are the prime factors of ((-112)/(-5))/(2/f)?
2, 7
Suppose -l = i - 30, 107 = 4*l + i + 2. Suppose m + 3*m = -2*c - 4, -5*m + l = -5*c. What are the prime factors of (2/4)/(m/124)?
2, 31
Suppose 4*c - 6 - 6 = 0. Suppose 2*l - 4*j = -l + 22, l - 2*j = 10. List the prime factors of (l - 19/(-3))*c.
5
Let j = -71 - -99. Suppose 31*v - j*v = 219. What are the prime factors of v?
73
Suppose 30*v = 37*v - 2933. List the prime factors of v.
419
Let h(o) = -2*o**3 - 44*o**2 - 57. List the prime factors of h(-23).
7, 11, 13
Suppose -8*y - 394 = -2842. What are the prime factors of y?
2, 3, 17
Let p = -132 + 194. Suppose i + x = 62, -5*x + p = i - 0*i. Suppose -3*d + 13 + i = 0. List the prime factors of d.
5
Suppose 10*i - 3094 = -16*i. What are the prime factors of i?
7, 17
Suppose -c + 5*v - 261 = -2286, 0 = 2*c - 5*v - 4035. What are the prime factors of c?
2, 3, 5, 67
Let w(i) = -3*i - 1. Let k(t) = -7*t - 3. Let p(f) = -2*k(f) + 5*w(f). Let m be p(2). List the prime factors of (4 - m)/(2/6).
3, 5
Let u(j) = j**3 + 6*j**2 - 5*j + 8. Suppose 2*o + g - 3*g = -12, 3*g = o + 6. List the prime factors of u(o).
2, 19
Suppose 624 = 4*r + 40. What are the prime factors of r?
2, 73
Suppose 0 = -v - 5*u + 7 - 44, 5*v + 4*u + 122 = 0. List the prime factors of (-1536)/v - 4/(-22).
2, 5, 7
Let i(x) = 3*x**2 + 12*x - 5. Let l be i(-9). Suppose -l = -17*g - 11. What are the prime factors of g?
7
Suppose -30 + 10 = 2*g. Let o(w) = w**2 + 10*w + 7. Let a be o(g). List the prime factors of 2/7 - (-285)/a.
41
What are the prime factors of 5/(-30)*-411*2?
137
Suppose 3*m + 36 = -30. Let p = 25 + m. Suppose 0 = -p*d + 3*g + 20 - 8, 0 = -5*d + g + 36. What are the prime factors of d?
2
List the prime factors of (-4)/(-6)*1575/6.
5, 7
Suppose 5*f = -4*a - 32, -5*f = 3*a - 0*a + 29. Let c be 2 + 0 - (1 - a). Let m(n) = -27*n - 2. List the prime factors of m(c).
2, 13
Suppose -42*j = -931 - 539. What are the prime factors of j?
5, 7
Suppose 3*a = -4*j + 4, -j - 2*j + 28 = -4*a. What are the prime factors of j/(-14) - (-1604)/28?
3, 19
Let l be 0/(-4 + 2/2). Let h be (-1 - l) + (10 - 11). Let d = 31 - h. List the prime factors of d.
3, 11
Suppose 30 = -5*v - 0. Let u(p) = -2*p**3 - 23*p**2 - 11*p + 4. Let d be u(-11). What are the prime factors of d/2*(-99)/v?
3, 11
Let q(d) = 2*d**3 + 13*d**2 - 13*d - 51. What are the prime factors of q(8)?
3, 7
Let u = -14 - -13. Let r be (-27)/((-4)/(u - 3)). Let y = r + 44. What are the prime factors of y?
17
Let q be 6/4*220/(-66). Let a be q/((-10)/16)*1. What are the prime factors of 2/((a/2)/108)?
2, 3
Let m be 35/11 - ((-70)/(-22) + -3). What are the prime factors of (-9)/6*(-16)/m?
2
Let w be (-18)/12 + 5/2. Let l be 10/(-4) - 4/(-8). What are the prime factors of -3*(l + w + -5)?
2, 3
Let k(o) = 6*o**2 - 2*o. Let a(r) = -r**2 - 2*r - 7. Let l be a(-4). Let j = l - -17. List the prime factors of k(j).
2, 5
Let k(c) = -34*c - 8. Let y be k(-3). Suppose 3*r = 11 + y. What are the prime factors of r?
5, 7
Let y = 0 + 2. Suppose -11 + 7 = -y*d. Suppose 0 = -3*v + z + 110, -68 = -d*v + 5*z - 3*z. List the prime factors of v.
2, 19
Let m be 5*(-1 + -1 - (-91)/65). Suppose 11 = -5*j - 19. What are the prime factors of 1/m + (-92)/j?
3, 5
Let y = -232 + 354. List the prime factors of y.
2, 61
Suppose b - 5*t = -3*t + 2708, -5402 = -2*b - 3*t. List the prime factors of b.
2, 13
Let i(q) = 235*q - 24. List the prime factors of i(2).
2, 223
Suppose 5*t - 22 = 6*y - 5*y, 0 = t - 5*y - 14. Let f(v) = 0*v + 2*v - 43 + 42 + v. What are the prime factors of f(t)?
11
Suppose 0 = 2*o - 19 + 13. Let k be 10/5*-1 + o. List the prime factors of (1/(-2))/(k/(-124)).
2, 31
Let s = 978 + -600. List the prime factors of (1/(-3))/(-1)*(s + -3).
5
Let t(s) = 2*s**3 - 5*s**2 + 5*s. Let v be t(2). List the prime factors of (-4)/6 + -4 + 730/v.
3, 13
Let v(f) = f - 4. Let o be v(2). Let h be (o - 0)*7/(-2). Let a(y) = 6*y - 3. List the prime factors of a(h).
3, 13
Suppose -1455 - 261 = -11*w. What are the prime factors of w?
2, 3, 13
Suppose -5*h = -11*h - 198. Let r = h + 41. What are the prime factors of r?
2
Let u be 17 + (-1 - (3 - 1)). Let t(g) = g - 18. Let r be t(u). List the prime factors of r/3 - (-109)/3.
5, 7
Let r = -6 + 6. Suppose 3*u - 70 = -4*l, -u - 3*l + l + 24 = r. List the prime factors of u.
2, 11
Let u be (2 + -1)*89*(1 + 2). Suppose 203 + u = 5*w. List the prime factors of w.
2, 47
Let h(s) = 446*s**2 - 4*s + 8. List the prime factors of h(-3).
2, 2017
Suppose -3*f + 4*r + 214 + 194 = 0, -3*r + 544 = 4*f. List the prime factors of f.
2, 17
Suppose 7*t - 8*t - 1296 = -4*u, -5*u = -5*t - 1605. List the prime factors of u.
5, 13
Suppose 1036 = 27*n - 1016. List the prime factors of n.
2, 19
Let j(x) = -20*x**3 - 19*x**2 + 6*x + 4. What are the prime factors of j(-5)?
1999
Let g(o) = 5*o. Suppose -4*t - 2*i + 5*i - 138 = 0, -4*t + 5*i = 134. Let d be (-117)/t - (-2)/(-8). List the prime factors of g(d).
3, 5
Let z(b) = 1 + 5*b + 0*b**2 - 3 + 6*b**2 - 8*b**2. Let k be z(2). List the prime factors of ((k - 0) + 45)*1.
3, 5
Let b = 5 + -9. Let g be 1*(1 - -2) - b. Suppose -d + 2 = -g. List the prime factors of d.
3
Suppose 0*n + 2*n + 8 = 0, 2*c = -3*n - 6. Suppose c*q + 40 = 7*q. List the prime factors of (7 - q)/((-6)/26).
13
Let b = 543 - 76. What are the prime factors of b?
467
Let z(k) = 45 - 7*k - 4*k + 30*k. Let g(b) = -9*b - 23. Let f(x) = 5*g(x) + 2*z(x). List the prime factors of f(-8).
31
Let v(l) = l**3 - 11*l**2 - l + 3. Let g be v(11). List the prime factors of (g/3)/(10/(-75)).
2, 5
Let i(v) = 8*v**3 - 3*v**2 + 18*v - 13. List the prime factors of i(5).
2, 3, 167
Suppose r = -0*r + 5. Suppose -6 = -4*i + 2*p + 20, r*p + 45 = 5*i. What are the prime factors of ((-7)/2)/((-2)/i)?
7
Let w = 2308 + -1279. What are the prime factors of w?
3, 7
Let l(u) = u**2 - 25*u - 689. List the prime factors of l(42).
5
Suppose 0 = -2*p - 3*p - 65. Let c = 53 - p. List the prime factors of c.
2, 3, 11
Let x = 809 - 435. List the prime factors of x.
2, 11, 17
Let o(k) = -3*k**3 - 11*k**2 - 18*k. List the prime factors of o(-11).
2, 5, 11, 13
Let u(j) = -12*j**3 - 3*j**2 + 8*j + 12. List the prime factors of u(-4).
2, 5, 7
Let j(g) = 1 - 2*g - 3 - 4*g**2 - g**3 - 2 + 0. Let x be j(-4). Let a(t) = 3*t - 9. List the prime factors of a(x).
3
Let x(c) = c**2 - 15*c + 27. Let o be x(13). What are the prime factors of 50 + o - 0 - -1?
2, 13
Suppose -5*j + 15 = 5*p - 20, -2*j + 22 = 3*p. Suppose 0 = -2*d - p*d + 110. List the prime factors of d.
11
Let p be (-4)/(-14)*(5 + 2). Let d be (-105)/3*(p - 5). Suppose 5*u + d = 285. List the prime factors of u.
2, 3
List the prime factors of 28/((-14)/70 - 234/(-1070)).
2, 7, 107
Let k = -35 + 48. List the prime factors of (-4256)/(-52) + 2/k.
2, 41
Let h = -27 - -51. Let k be ((-2)/(-8))/(2/h). Suppose 0 = -k*c + 10 + 11. What are the prime factors of c?
7
Suppose 0*z - 5*z = 10, -f + 3*z = 21. Let s be f*((-16)/12)/1. Suppose 0 = -5*a + 5*u + 110, 0*a - 4*u = -2*a + s. What are the prime factors of a?
2, 13
Let l(f) = 16*f**2 + 2*f. Let c be l(1). Let j = 9 + c. What are the prime factors of j?
3
What are the prime factors of 9057/8 + 48/(-384)?
2, 283
Suppose 0 = 54*d - 7836 - 33150. List the prime factors of d.
3, 11, 23
Let l be (1 + -4)/(((-20)/4)/5). Suppose 3*k - 347 = -2*m - 134,